*l - 4062, -5*l - 2*n = -6771. What are the prime factors of l?
3, 11, 41
Suppose t - 2 = -5*a + 1, 0 = 5*a - 5*t - 15. Let v(r) = 23*r**2 - 3*r. What are the prime factors of v(a)?
2, 5
Let f(h) = -h**2 + h. Let s be f(1). Suppose -2*o + o + 42 = s. Let w = o - 15. List the prime factors of w.
3
Let f(u) = -u**3 + 8*u**2 - 4*u + 2. Let d(x) = x**3 + 14*x**2 + 11*x - 17. Let v be d(-13). Let n = v + -3. List the prime factors of f(n).
2, 5
Suppose -4*p + 9*t = 4*t - 794, 396 = 2*p - 2*t. Suppose -p + 21 = -5*r - 5*x, 4*x = r - 45. List the prime factors of r.
37
Let p = -12 - -25. Let v be 2*(10 - (-1 + -2)). List the prime factors of (-2)/p - (-602)/v.
23
Let a(s) = 2*s**2 + 9*s + 2. Let k = 3 - -1. Suppose -k - 2 = i. What are the prime factors of a(i)?
2, 5
Let a = 0 - -150. Suppose 3*h - 7*h = 2*k - 36, 5*k - 2*h = a. What are the prime factors of k?
2, 7
Let l(t) be the second derivative of -1/3*t**3 + 3*t - 1/20*t**5 - t**2 + 0 + 1/3*t**4. List the prime factors of l(2).
2
Let f be 20/6*12/(-8). Let q = f - -7. Suppose 3*h - 4*n = 18, q*h - 12 = -3*n + 6*n. List the prime factors of h.
2, 3
Suppose 0 = 14*p - 8285 - 1053. What are the prime factors of p?
23, 29
Suppose 5*h - 5*i = 65, i - 26 = -2*h - 0*h. Suppose -h - 27 = 4*y - 4*t, -2*t = 2*y. Let o = y - -12. What are the prime factors of o?
7
Suppose 956 = 2*z + 2*z. Suppose 3*a = z - 62. List the prime factors of a.
59
Let h(d) = 2*d**2 + 17*d - 26. Let p be h(-10). Suppose -5*x - 3*s + 15 = 0, x + s + 5 = 2*s. Suppose x = -p*k - k + 130. What are the prime factors of k?
2, 13
Let j be (-52)/(-9) - 6/(-27). What are the prime factors of (-98)/(-3) - (-2)/j?
3, 11
What are the prime factors of -658*((-1110)/660 + (-4)/(-22))?
3, 7, 47
Suppose 13 + 3 = 2*o. What are the prime factors of 1/o + (-6)/(48/(-319))?
2, 5
Let w(o) = 216*o**2 + 3*o - 3. List the prime factors of w(2).
3, 17
Let r(m) = 4*m**2 - 25*m - 154. List the prime factors of r(-18).
2, 199
Suppose 0 = q - 2, -7 + 3 = -g - q. What are the prime factors of 43/g + (-1)/(-2)?
2, 11
Let v(d) = -26*d**2 - 2. Let m be v(-2). Let f = -25 - m. List the prime factors of f.
3
Let p = 965 - -1177. What are the prime factors of p?
2, 3, 7, 17
Let y(w) = 22*w - 15. Let v be y(4). Let x = -35 + v. What are the prime factors of x?
2, 19
Let t = 17 - 8. Let n be 218/t + 20/(-90). What are the prime factors of (n/(-15))/((-3)/45)?
2, 3
Suppose -17160 = -12*l - 18*l. List the prime factors of l.
2, 11, 13
Let t(j) = 18*j**2 - 11*j + 10. What are the prime factors of t(12)?
2, 5, 13, 19
Let x = -884 + 2089. What are the prime factors of x?
5, 241
Let h = -411 - -1983. List the prime factors of h.
2, 3, 131
Suppose -4*v + 329 = -3*d - 1670, d + 1503 = 3*v. List the prime factors of v.
2, 251
Suppose 0*z + 4*z = 20. Let j be ((-2)/5)/(z/(-50)). Suppose j*x - 90 = 54. List the prime factors of x.
2, 3
Let y(t) = 5*t + 10. Let j be y(-5). Let r = j + 11. Let b(q) = -q**2 - 8*q + 7. List the prime factors of b(r).
23
Let u = 439 - 298. Let c = u - 208. Let m = -39 - c. What are the prime factors of m?
2, 7
Let c(p) = 3*p**3 - 12*p**2 + 9*p + 20. Let m(w) = w**3 - w. Let a(n) = -c(n) + 2*m(n). What are the prime factors of a(10)?
2, 5, 7
Let d be 2/(-3) - 190/30. What are the prime factors of (-306)/d - (3 + (-23)/7)?
2, 11
Suppose 19*o = 21*o - 4*n - 528, n = -4*o + 1038. List the prime factors of o.
2, 5, 13
Suppose 5392 + 8567 = 9*f. What are the prime factors of f?
3, 11, 47
Let k(t) = 46*t - 15. Let j(q) = -15*q + 5. Let i(z) = -17*j(z) - 6*k(z). Let p be i(-3). Let m = -35 + p. What are the prime factors of m?
3, 11
Let q(v) = 44*v - 20. What are the prime factors of q(7)?
2, 3
Let m = 857 - -228. List the prime factors of m.
5, 7, 31
Suppose 0*v - 20 = -4*v. Suppose p = v*p - 64. Let d = 2 + p. What are the prime factors of d?
2, 3
Let a(h) = -h**3 - 27*h**2 - 18*h + 48. List the prime factors of a(-27).
2, 3, 89
Suppose -5*i + 5 = -15. Suppose n + i - 3 = 0. List the prime factors of (-3)/(-3) - n*34.
5, 7
Let s(t) = -176*t - 140. List the prime factors of s(-5).
2, 5, 37
Let k = 111 + 571. What are the prime factors of k?
2, 11, 31
Let w(o) be the third derivative of -o**4/3 - o**3/2 - o**2. Let b(y) = 39*y + 15. Let x(u) = 5*b(u) + 24*w(u). What are the prime factors of x(6)?
3, 7
Let w(h) = 2*h**2 + 7*h + 25. What are the prime factors of w(-25)?
2, 5, 11
Let o be (-1 + 17)/(-2)*-1. Let j be (o - 2)/((-5)/(-50)). Suppose -3*p + 7*p = j. List the prime factors of p.
3, 5
Let p = 24 - 22. Suppose -p*d + 357 = 5*d. List the prime factors of d.
3, 17
Let c(o) = 13*o + 8. Let a be c(-1). Let i = a + 119. What are the prime factors of i?
2, 3, 19
Let h(y) be the first derivative of -3*y**2 - y + 8. Let z be h(-1). List the prime factors of (1 - z)/((-28)/14).
2
Let x(h) = -60*h**2 - 4*h. Let c(g) = -60*g**2 - 3*g. Let f(i) = -3*c(i) + 2*x(i). What are the prime factors of f(1)?
61
Let t be (8/(-12))/(1/(-6)) + 1. Suppose v - 96 = i - 4*i, -t*v = i - 452. What are the prime factors of v?
2, 3, 5
Let i(z) = -2*z**2 + 12*z + 5. Let v be i(6). Suppose v*c = 5*r + 1035, 0*r + 628 = 3*c + 4*r. List the prime factors of c.
2, 13
What are the prime factors of -2*(((-12705)/10)/3 + 2)?
3, 281
Let g(h) = h**3 - 10*h**2 + 10*h - 11. Let a be g(10). Let z = 160 - a. What are the prime factors of z?
71
Let h(q) = 32*q - 91. What are the prime factors of h(8)?
3, 5, 11
Let o = 209 + -26. List the prime factors of o.
3, 61
Suppose 267 = u - 0*u. Suppose 3*m + 0*m - u = 0. What are the prime factors of m?
89
Let m = -516 - -965. List the prime factors of m.
449
Let q(k) = 2*k**3 + 10*k**2 + 9*k - 12. Let z be q(-7). Let i = -116 - z. Suppose -c - i = -6*c. List the prime factors of c.
31
Let u(n) = -2*n - 23. Let h be u(-7). Let a(w) = -7*w + 64. List the prime factors of a(h).
127
Suppose 0 = 4*m - 12, o - 4*m - 723 = -187. List the prime factors of o.
2, 137
Let h = -139 + 87. List the prime factors of (-3)/(26/(-72) - 13/h).
3
Let h = 32 + -28. Suppose -j + h*l + 166 = j, 5*j - 408 = 3*l. What are the prime factors of j?
3
Let d be (24/(-42))/((-1)/7). Suppose -4*h - 2*o = 12, -7*h + 3*h = 4*o + 8. List the prime factors of (d*3)/4 - h.
7
Suppose -16*n + 12070 = n. List the prime factors of n.
2, 5, 71
Let y be (5 - 2 - 6) + -328. Let h = -195 - y. What are the prime factors of h?
2, 17
Suppose -156*s + 2185 = 3*f - 151*s, -2*f + 2*s = -1430. List the prime factors of f.
2, 3, 5
Suppose -719 = -x + b, x + 4*b = 6*x - 3590. What are the prime factors of x?
2, 3, 7, 17
Let q = 7 - 3. Suppose 5*b - q*b - 4 = 0. List the prime factors of (1 + 17)/(b/10).
3, 5
Suppose -7*c - 21 = -161. List the prime factors of c.
2, 5
Let j be 49/(-6) - 7/(-42). Let v(x) = x**3 + 8*x**2 - 2*x - 12. Let t be v(j). Let h(d) = -d**3 + 4*d**2 + 6*d - 3. List the prime factors of h(t).
3, 7
Let k(n) = -n**2 - 8*n - 5. Let u be k(-5). Suppose 11*w - u*w = 4. Suppose 4*l - w*a = 100, -2*l - 6 = 2*a - 36. List the prime factors of l.
2, 5
Suppose -2*p = 2*v - 4, -5 - 3 = -3*p - 4*v. Suppose -f + 2 = p, -s + 1 + 1 = -f. What are the prime factors of 28 - 4/16*s?
3
Let s(y) = -3*y**3 - y**2 + y. Let w be s(-2). Suppose 46*l = 62*l - 560. Let x = l - w. What are the prime factors of x?
17
Suppose 0 = 23*f - 82*f + 104548. What are the prime factors of f?
2, 443
Suppose -44*p = v - 43*p - 27, 2*p = 0. List the prime factors of v.
3
Suppose k + k - 3*f - 105 = 0, 200 = 5*k + 5*f. Suppose 2*i = k + 47. What are the prime factors of i?
2, 23
Let r = 177 - -235. What are the prime factors of r?
2, 103
Suppose -12*k + 5*k = -14. Suppose -2*g = 5*y - 495, 3*y - k*g - 297 = -6*g. List the prime factors of y.
3, 11
Let x be (0*3/12)/(-2). Suppose -5*c - 3*v - 90 = 2*v, x = 2*c + v + 33. Let j = c + 18. What are the prime factors of j?
3
Let c be ((-12)/15)/(2/(-25)). Suppose 5*f - 6*f = c. List the prime factors of (-546)/f + 10/25.
5, 11
Suppose 3*q - 2144 = 4*t, 3*t + 386 = q - 327. List the prime factors of q.
2, 179
Suppose 5*v - 3*f = v + 1027, -2*f = 2*v - 510. What are the prime factors of v?
2
Suppose -12 = -4*a - 4. List the prime factors of 0/(-1) - (a*-140)/5.
2, 7
Let z be (-9 + 9)/(-1 - 0). What are the prime factors of (-6 - (z - 5))*-17?
17
Let v(s) = s**2 - 21*s + 22. Let 